{"id":16967,"date":"2023-03-31T11:48:01","date_gmt":"2023-03-31T09:48:01","guid":{"rendered":"https:\/\/www.deuxchevaux.ch\/wordpress\/?page_id=16967"},"modified":"2024-04-09T13:53:27","modified_gmt":"2024-04-09T11:53:27","slug":"vermietung","status":"publish","type":"page","link":"https:\/\/www.deuxchevaux.ch\/wordpress\/mitglieder\/vermietung\/","title":{"rendered":"Vermietung"},"content":{"rendered":"\n<p>Der Club D\u00f6schwo Fr\u00fcnde B\u00e4rn selbst vermietet keine Fahrzeuge. Der entsprechende zeitliche, haftungs- und versicherungstechnische Aufwand \u00fcbersteigt unsere M\u00f6glichkeiten bei Weitem. Es gibt aber andere M\u00f6glichkeiten, einen DeuxChevaux zu mieten.<\/p>\n\n\n\n<p>Wir unterscheiden zwischen <em>Vermietung mit FahrerIn<\/em> und <em>Vermietung nur des Fahrzeugs<\/em>. <\/p>\n\n\n\n<p>Haben sie Interesse an der <em>Vermietung<\/em> eines D\u00f6schwo <em>mit FahrerIn<\/em>, nehmen wir ihre Anfrage gerne unter <a href=\"mailto:info@deuxchevaux.ch\" target=\"_blank\" rel=\"noreferrer noopener\">info@deuxchevaux.ch<\/a> entgegen. Wir stelle diese Anfrage danach in unseren clubinternen WhatsApp-Chat. Falls ein Club-Mitglied Interesse hat, wird es sich direkt mit ihnen in Verbindung setzen. Es handelt sich dabei also letztlich um eine Vereinbarung zwischen dem Clubmitglied und ihnen. Der Club ist nicht involviert und \u00fcbernimmt keine Verantwortung.<\/p>\n\n\n\n<p>Bei der <em>Vermietung nur des Fahrzeuges<\/em> verweisen wir gerne auf professionelle Anbieter. Wir haben dabei keine finanziellen Interessen. Hier haben wir ihnen eine Auflistung einschl\u00e4giger Adressen zusammengestellt:<\/p>\n\n\n\n<div class=\"wp-block-columns is-layout-flex wp-container-core-columns-is-layout-1 wp-block-columns-is-layout-flex\">\n<div class=\"wp-block-column is-layout-flow wp-block-column-is-layout-flow\" style=\"flex-basis:50%\">\n<figure class=\"wp-block-image size-large\"><img data-recalc-dims=\"1\" loading=\"lazy\" decoding=\"async\" width=\"768\" height=\"1024\" data-attachment-id=\"16997\" data-permalink=\"https:\/\/www.deuxchevaux.ch\/wordpress\/mitglieder\/vermietung\/vermietung_img_20220318_211132\/\" data-orig-file=\"https:\/\/i0.wp.com\/www.deuxchevaux.ch\/wordpress\/wp-content\/uploads\/2023\/04\/vermietung_img_20220318_211132.jpg?fit=1200%2C1600&amp;ssl=1\" data-orig-size=\"1200,1600\" data-comments-opened=\"0\" data-image-meta=\"{&quot;aperture&quot;:&quot;1.8&quot;,&quot;credit&quot;:&quot;&quot;,&quot;camera&quot;:&quot;FP3&quot;,&quot;caption&quot;:&quot;&quot;,&quot;created_timestamp&quot;:&quot;1647637891&quot;,&quot;copyright&quot;:&quot;&quot;,&quot;focal_length&quot;:&quot;3.56&quot;,&quot;iso&quot;:&quot;981&quot;,&quot;shutter_speed&quot;:&quot;0.033333333333333&quot;,&quot;title&quot;:&quot;&quot;,&quot;orientation&quot;:&quot;0&quot;}\" data-image-title=\"Vermietung_IMG_20220318_211132\" data-image-description=\"\" data-image-caption=\"\" data-medium-file=\"https:\/\/i0.wp.com\/www.deuxchevaux.ch\/wordpress\/wp-content\/uploads\/2023\/04\/vermietung_img_20220318_211132.jpg?fit=225%2C300&amp;ssl=1\" data-large-file=\"https:\/\/i0.wp.com\/www.deuxchevaux.ch\/wordpress\/wp-content\/uploads\/2023\/04\/vermietung_img_20220318_211132.jpg?fit=768%2C1024&amp;ssl=1\" src=\"https:\/\/i0.wp.com\/www.deuxchevaux.ch\/wordpress\/wp-content\/uploads\/2023\/04\/vermietung_img_20220318_211132.jpg?resize=768%2C1024&#038;ssl=1\" alt=\"\" class=\"wp-image-16997\" srcset=\"https:\/\/i0.wp.com\/www.deuxchevaux.ch\/wordpress\/wp-content\/uploads\/2023\/04\/vermietung_img_20220318_211132.jpg?resize=768%2C1024&amp;ssl=1 768w, https:\/\/i0.wp.com\/www.deuxchevaux.ch\/wordpress\/wp-content\/uploads\/2023\/04\/vermietung_img_20220318_211132.jpg?resize=225%2C300&amp;ssl=1 225w, https:\/\/i0.wp.com\/www.deuxchevaux.ch\/wordpress\/wp-content\/uploads\/2023\/04\/vermietung_img_20220318_211132.jpg?resize=113%2C150&amp;ssl=1 113w, https:\/\/i0.wp.com\/www.deuxchevaux.ch\/wordpress\/wp-content\/uploads\/2023\/04\/vermietung_img_20220318_211132.jpg?resize=1152%2C1536&amp;ssl=1 1152w, https:\/\/i0.wp.com\/www.deuxchevaux.ch\/wordpress\/wp-content\/uploads\/2023\/04\/vermietung_img_20220318_211132.jpg?resize=1000%2C1333&amp;ssl=1 1000w, https:\/\/i0.wp.com\/www.deuxchevaux.ch\/wordpress\/wp-content\/uploads\/2023\/04\/vermietung_img_20220318_211132.jpg?resize=230%2C307&amp;ssl=1 230w, https:\/\/i0.wp.com\/www.deuxchevaux.ch\/wordpress\/wp-content\/uploads\/2023\/04\/vermietung_img_20220318_211132.jpg?resize=350%2C467&amp;ssl=1 350w, https:\/\/i0.wp.com\/www.deuxchevaux.ch\/wordpress\/wp-content\/uploads\/2023\/04\/vermietung_img_20220318_211132.jpg?resize=480%2C640&amp;ssl=1 480w, https:\/\/i0.wp.com\/www.deuxchevaux.ch\/wordpress\/wp-content\/uploads\/2023\/04\/vermietung_img_20220318_211132.jpg?w=1200&amp;ssl=1 1200w\" sizes=\"(max-width: 768px) 100vw, 768px\" \/><\/figure>\n<\/div>\n\n\n\n<div class=\"wp-block-column is-layout-flow wp-block-column-is-layout-flow\" style=\"flex-basis:5%\"><\/div>\n\n\n\n<div class=\"wp-block-column is-layout-flow wp-block-column-is-layout-flow\" style=\"flex-basis:45%\">\n<p><a rel=\"noreferrer noopener\" href=\"https:\/\/garage-ochsner.ch\/doumlschwo.html\" target=\"_blank\">Garage \/ Oldtimer Ochsner<\/a><\/p>\n\n\n\n<p><a href=\"https:\/\/www.garage-bernet.ch\/newsdetails\/10,85-citroen-2cv-6\" target=\"_blank\" rel=\"noreferrer noopener\">Carosserie und Vermietung Bernet<\/a><\/p>\n\n\n\n<p><a href=\"https:\/\/www.rentaclassic.swiss\/de\/oldtimer-mieten\/citroen-2cv-sophie-1078.html\" target=\"_blank\" rel=\"noreferrer noopener\">Rent a Classic<\/a><\/p>\n\n\n\n<p><a href=\"https:\/\/casa-toedi.ch\/news\/6511\/oldtimer-mieten-in-der-surselva\" target=\"_blank\" rel=\"noreferrer noopener\">Casa T\u00f6di<\/a><\/p>\n\n\n\n<p><a href=\"https:\/\/www.bookaclassic.ch\/citroen-2cv-winterthur\/\" target=\"_blank\" rel=\"noreferrer noopener\">BookAclassic<\/a><\/p>\n\n\n\n<p><a href=\"https:\/\/appentura.ch\/shop\/activity\/ente-fahren\" target=\"_blank\" rel=\"noreferrer noopener\">Appentura<\/a><\/p>\n\n\n\n<p><a rel=\"noreferrer noopener\" href=\"https:\/\/autos-zum-mieten.ch\/oldtimer-mieten\" target=\"_blank\">Erne &amp; Kalt AG<\/a><\/p>\n\n\n\n<p><a rel=\"noreferrer noopener\" href=\"https:\/\/www.ricardo.ch\/de\/a\/citroen-2cv-mieten-1227746818\/\" target=\"_blank\">Jucker  \/ Ricardo<\/a><\/p>\n\n\n\n<p><a href=\"https:\/\/autohalle.ch\/produkt\/citroen-2cv\/\" target=\"_blank\" rel=\"noreferrer noopener\">Autohalle<\/a><\/p>\n\n\n\n<p><a href=\"https:\/\/www.wagenschmitte.com\/oldtimer-mieten-fiat500-2cv-dolly-hochzeit.html\" target=\"_blank\" rel=\"noreferrer noopener\">Wagenschmitte<\/a><\/p>\n\n\n\n<p><a rel=\"noreferrer noopener\" href=\"https:\/\/www.fccr.ch\/citroen-2cv-dolly,-4-gang\" target=\"_blank\">Fredy&#8217;s Classic Car Rent<\/a><\/p>\n<\/div>\n<\/div>\n\n\n\n<p>Damit werden sie sicher f\u00fcndig. Wir w\u00fcnschen ihnen viel Freude bei ihrem nostalgischen Ausflug in die Vergangenheit!<\/p>\n","protected":false},"excerpt":{"rendered":"<p>Der Club D\u00f6schwo Fr\u00fcnde B\u00e4rn selbst vermietet keine Fahrzeuge. Der entsprechende zeitliche, haftungs- und versicherungstechnische Aufwand \u00fcbersteigt unsere M\u00f6glichkeiten bei Weitem. Es [&hellip;]<\/p>\n","protected":false},"author":1,"featured_media":0,"parent":3464,"menu_order":0,"comment_status":"closed","ping_status":"closed","template":"","meta":{"footnotes":""},"class_list":["post-16967","page","type-page","status-publish","hentry"],"jetpack_sharing_enabled":true,"_links":{"self":[{"href":"https:\/\/www.deuxchevaux.ch\/wordpress\/wp-json\/wp\/v2\/pages\/16967"}],"collection":[{"href":"https:\/\/www.deuxchevaux.ch\/wordpress\/wp-json\/wp\/v2\/pages"}],"about":[{"href":"https:\/\/www.deuxchevaux.ch\/wordpress\/wp-json\/wp\/v2\/types\/page"}],"author":[{"embeddable":true,"href":"https:\/\/www.deuxchevaux.ch\/wordpress\/wp-json\/wp\/v2\/users\/1"}],"replies":[{"embeddable":true,"href":"https:\/\/www.deuxchevaux.ch\/wordpress\/wp-json\/wp\/v2\/comments?post=16967"}],"version-history":[{"count":18,"href":"https:\/\/www.deuxchevaux.ch\/wordpress\/wp-json\/wp\/v2\/pages\/16967\/revisions"}],"predecessor-version":[{"id":17469,"href":"https:\/\/www.deuxchevaux.ch\/wordpress\/wp-json\/wp\/v2\/pages\/16967\/revisions\/17469"}],"up":[{"embeddable":true,"href":"https:\/\/www.deuxchevaux.ch\/wordpress\/wp-json\/wp\/v2\/pages\/3464"}],"wp:attachment":[{"href":"https:\/\/www.deuxchevaux.ch\/wordpress\/wp-json\/wp\/v2\/media?parent=16967"}],"curies":[{"name":"wp","href":"https:\/\/api.w.org\/{rel}","templated":true}]}}

<p>Der Club Döschwo Fründe Bärn selbst vermietet keine Fahrzeuge. Der entsprechende zeitliche, haftungs- und versicherungstechnische Aufwand übersteigt unsere Möglichkeiten bei Weitem. Es gibt aber andere Möglichkeiten, einen DeuxChevaux zu mieten.</p>



<p>Wir unterscheiden zwischen <em>Vermietung mit FahrerIn</em> und <em>Vermietung nur des Fahrzeugs</em>. </p>



<p>Haben sie Interesse an der <em>Vermietung</em> eines Döschwo <em>mit FahrerIn</em>, nehmen wir ihre Anfrage gerne unter <a href="mailto:info@deuxchevaux.ch" target="_blank" rel="noreferrer noopener">info@deuxchevaux.ch</a> entgegen. Wir stelle diese Anfrage danach in unseren clubinternen WhatsApp-Chat. Falls ein Club-Mitglied Interesse hat, wird es sich direkt mit ihnen in Verbindung setzen. Es handelt sich dabei also letztlich um eine Vereinbarung zwischen dem Clubmitglied und ihnen. Der Club ist nicht involviert und übernimmt keine Verantwortung.</p>



<p>Bei der <em>Vermietung nur des Fahrzeuges</em> verweisen wir gerne auf professionelle Anbieter. Wir haben dabei keine finanziellen Interessen. Hier haben wir ihnen eine Auflistung einschlägiger Adressen zusammengestellt:</p>



<div class="wp-block-columns is-layout-flex wp-container-core-columns-is-layout-1 wp-block-columns-is-layout-flex">
<div class="wp-block-column is-layout-flow wp-block-column-is-layout-flow" style="flex-basis:50%">
<figure class="wp-block-image size-large"><img data-recalc-dims="1" loading="lazy" decoding="async" width="768" height="1024" data-attachment-id="16997" data-permalink="https://www.deuxchevaux.ch/wordpress/mitglieder/vermietung/vermietung_img_20220318_211132/" data-orig-file="https://i0.wp.com/www.deuxchevaux.ch/wordpress/wp-content/uploads/2023/04/vermietung_img_20220318_211132.jpg?fit=1200%2C1600&amp;ssl=1" data-orig-size="1200,1600" data-comments-opened="0" data-image-meta="{&quot;aperture&quot;:&quot;1.8&quot;,&quot;credit&quot;:&quot;&quot;,&quot;camera&quot;:&quot;FP3&quot;,&quot;caption&quot;:&quot;&quot;,&quot;created_timestamp&quot;:&quot;1647637891&quot;,&quot;copyright&quot;:&quot;&quot;,&quot;focal_length&quot;:&quot;3.56&quot;,&quot;iso&quot;:&quot;981&quot;,&quot;shutter_speed&quot;:&quot;0.033333333333333&quot;,&quot;title&quot;:&quot;&quot;,&quot;orientation&quot;:&quot;0&quot;}" data-image-title="Vermietung_IMG_20220318_211132" data-image-description="" data-image-caption="" data-medium-file="https://i0.wp.com/www.deuxchevaux.ch/wordpress/wp-content/uploads/2023/04/vermietung_img_20220318_211132.jpg?fit=225%2C300&amp;ssl=1" data-large-file="https://i0.wp.com/www.deuxchevaux.ch/wordpress/wp-content/uploads/2023/04/vermietung_img_20220318_211132.jpg?fit=768%2C1024&amp;ssl=1" src="https://i0.wp.com/www.deuxchevaux.ch/wordpress/wp-content/uploads/2023/04/vermietung_img_20220318_211132.jpg?resize=768%2C1024&#038;ssl=1" alt="" class="wp-image-16997" srcset="https://i0.wp.com/www.deuxchevaux.ch/wordpress/wp-content/uploads/2023/04/vermietung_img_20220318_211132.jpg?resize=768%2C1024&amp;ssl=1 768w, https://i0.wp.com/www.deuxchevaux.ch/wordpress/wp-content/uploads/2023/04/vermietung_img_20220318_211132.jpg?resize=225%2C300&amp;ssl=1 225w, https://i0.wp.com/www.deuxchevaux.ch/wordpress/wp-content/uploads/2023/04/vermietung_img_20220318_211132.jpg?resize=113%2C150&amp;ssl=1 113w, https://i0.wp.com/www.deuxchevaux.ch/wordpress/wp-content/uploads/2023/04/vermietung_img_20220318_211132.jpg?resize=1152%2C1536&amp;ssl=1 1152w, https://i0.wp.com/www.deuxchevaux.ch/wordpress/wp-content/uploads/2023/04/vermietung_img_20220318_211132.jpg?resize=1000%2C1333&amp;ssl=1 1000w, https://i0.wp.com/www.deuxchevaux.ch/wordpress/wp-content/uploads/2023/04/vermietung_img_20220318_211132.jpg?resize=230%2C307&amp;ssl=1 230w, https://i0.wp.com/www.deuxchevaux.ch/wordpress/wp-content/uploads/2023/04/vermietung_img_20220318_211132.jpg?resize=350%2C467&amp;ssl=1 350w, https://i0.wp.com/www.deuxchevaux.ch/wordpress/wp-content/uploads/2023/04/vermietung_img_20220318_211132.jpg?resize=480%2C640&amp;ssl=1 480w, https://i0.wp.com/www.deuxchevaux.ch/wordpress/wp-content/uploads/2023/04/vermietung_img_20220318_211132.jpg?w=1200&amp;ssl=1 1200w" sizes="(max-width: 768px) 100vw, 768px" /></figure>
</div>



<div class="wp-block-column is-layout-flow wp-block-column-is-layout-flow" style="flex-basis:5%"></div>



<div class="wp-block-column is-layout-flow wp-block-column-is-layout-flow" style="flex-basis:45%">
<p><a rel="noreferrer noopener" href="https://garage-ochsner.ch/doumlschwo.html" target="_blank">Garage / Oldtimer Ochsner</a></p>



<p><a href="https://www.garage-bernet.ch/newsdetails/10,85-citroen-2cv-6" target="_blank" rel="noreferrer noopener">Carosserie und Vermietung Bernet</a></p>



<p><a href="https://www.rentaclassic.swiss/de/oldtimer-mieten/citroen-2cv-sophie-1078.html" target="_blank" rel="noreferrer noopener">Rent a Classic</a></p>



<p><a href="https://casa-toedi.ch/news/6511/oldtimer-mieten-in-der-surselva" target="_blank" rel="noreferrer noopener">Casa Tödi</a></p>



<p><a href="https://www.bookaclassic.ch/citroen-2cv-winterthur/" target="_blank" rel="noreferrer noopener">BookAclassic</a></p>



<p><a href="https://appentura.ch/shop/activity/ente-fahren" target="_blank" rel="noreferrer noopener">Appentura</a></p>



<p><a rel="noreferrer noopener" href="https://autos-zum-mieten.ch/oldtimer-mieten" target="_blank">Erne &amp; Kalt AG</a></p>



<p><a rel="noreferrer noopener" href="https://www.ricardo.ch/de/a/citroen-2cv-mieten-1227746818/" target="_blank">Jucker  / Ricardo</a></p>



<p><a href="https://autohalle.ch/produkt/citroen-2cv/" target="_blank" rel="noreferrer noopener">Autohalle</a></p>



<p><a href="https://www.wagenschmitte.com/oldtimer-mieten-fiat500-2cv-dolly-hochzeit.html" target="_blank" rel="noreferrer noopener">Wagenschmitte</a></p>



<p><a rel="noreferrer noopener" href="https://www.fccr.ch/citroen-2cv-dolly,-4-gang" target="_blank">Fredy&#8217;s Classic Car Rent</a></p>
</div>
</div>



<p>Damit werden sie sicher fündig. Wir wünschen ihnen viel Freude bei ihrem nostalgischen Ausflug in die Vergangenheit!</p>

<p>Der Club Döschwo Fründe Bärn selbst vermietet keine Fahrzeuge. Der entsprechende zeitliche, haftungs- und versicherungstechnische Aufwand übersteigt unsere Möglichkeiten bei Weitem. Es [&hellip;]</p>
