{"id":7991,"date":"2018-07-23T11:07:30","date_gmt":"2018-07-23T09:07:30","guid":{"rendered":"http:\/\/www.deuxchevaux.ch\/wordpress\/?page_id=7991"},"modified":"2020-02-28T13:48:36","modified_gmt":"2020-02-28T12:48:36","slug":"in-eigener-sache","status":"publish","type":"page","link":"https:\/\/www.deuxchevaux.ch\/wordpress\/mitglieder\/in-eigener-sache\/","title":{"rendered":"In eigener Sache"},"content":{"rendered":"<p>Unser Nutzungsverhalten der sozialen Medien ver\u00e4ndert sich laufend. Gestern noch war die Homepage das Mass aller Dinge, heute kommunizieren wir clubintern fast ausschliesslich \u00fcber WhatsApp. F\u00fcr die weiterreichende Kommunikation und Information stehen viele Facebook-Gruppen bereit. Und dazu gibt&#8217;s &#8211; last but not least &#8211; monatlich unseren bew\u00e4hrten Brief und unseren beliebten H\u00f6ck.<\/p>\n<p>Gleichzeitig schr\u00e4nken europ\u00e4ische Forderungen und Bestimmungen unsere Publikationsfreiheit massiv ein. Die <a href=\"https:\/\/eu-datenschutz.org\/\" target=\"_blank\" rel=\"noopener noreferrer\">DSGVO<\/a> (europ. Datenschutz-Grundverordnung) ist per Ende Mai 18 in Kraft getreten. Sie ist eine berechtigte und sinnvolle Reaktion auf die exzessive Daten-Sammelwut der masslosen US-Socialmedia-Giganten. Die DSGVO gilt aber auch f\u00fcr kleine Seiten wie unsere Homepage. Die n\u00f6tigen Anpassungen verursachen viel Arbeit.<\/p>\n<p>Der Vorstand hat in einer k\u00fcrzlichen Sitzung diese Ver\u00e4nderungen diskutiert. Wir haben dabei beschlossen, das Angebot auf unserer Homepage signifikant zu reduzieren. Sie wird zuk\u00fcnftig als Einbahnstrasse funktionieren. Wir stellen grundlegende Informationen bereit, der User kann aber auf diese Informationen nicht mehr direkt reagieren. S\u00e4mtliche Kommentar- und Teilenfunktionen wurden abgeschaltet. Der Blog ebenfalls. Wir werden zuk\u00fcnftig einzig statische Beitr\u00e4ge \u00fcber wichtige, clubinterne Anl\u00e4sse wie die HV, Ausfl\u00fcge etc. publizieren. Die Rubriken <em>Agenda<\/em> und <em>Links<\/em> laufen unver\u00e4ndert weiter, <em>Service<\/em> wurde angepasst. Unsere Bibliothek existiert selbstverst\u00e4ndlich weiter, die B\u00fccher werden aber in Zukunft pers\u00f6nlich oder telefonisch bei mir bestellt. Und im Media-Pool gibt&#8217;s nach wie vor unsere knapp 3000 Bilder und Videos zu sehen.<\/p>\n<p>Ich habe diese Anpassungen heute, am 23. Juli 2018, publiziert. Unsere Homepage wandelt sich also zu einem kleinen, \u00fcbersichtlichen Informationstr\u00e4ger f\u00fcr und \u00fcber unseren Klub. Das macht Sinn im heutigen Umfeld.<\/p>\n<p>Euer <em>admin<\/em><\/p>\n","protected":false},"excerpt":{"rendered":"<p>Unser Nutzungsverhalten der sozialen Medien ver\u00e4ndert sich laufend. Gestern noch war die Homepage das Mass aller Dinge, heute kommunizieren wir clubintern fast [&hellip;]<\/p>\n","protected":false},"author":1,"featured_media":1321,"parent":3464,"menu_order":0,"comment_status":"closed","ping_status":"closed","template":"","meta":{"footnotes":""},"class_list":["post-7991","page","type-page","status-publish","has-post-thumbnail","hentry"],"jetpack_sharing_enabled":true,"_links":{"self":[{"href":"https:\/\/www.deuxchevaux.ch\/wordpress\/wp-json\/wp\/v2\/pages\/7991"}],"collection":[{"href":"https:\/\/www.deuxchevaux.ch\/wordpress\/wp-json\/wp\/v2\/pages"}],"about":[{"href":"https:\/\/www.deuxchevaux.ch\/wordpress\/wp-json\/wp\/v2\/types\/page"}],"author":[{"embeddable":true,"href":"https:\/\/www.deuxchevaux.ch\/wordpress\/wp-json\/wp\/v2\/users\/1"}],"replies":[{"embeddable":true,"href":"https:\/\/www.deuxchevaux.ch\/wordpress\/wp-json\/wp\/v2\/comments?post=7991"}],"version-history":[{"count":6,"href":"https:\/\/www.deuxchevaux.ch\/wordpress\/wp-json\/wp\/v2\/pages\/7991\/revisions"}],"predecessor-version":[{"id":13967,"href":"https:\/\/www.deuxchevaux.ch\/wordpress\/wp-json\/wp\/v2\/pages\/7991\/revisions\/13967"}],"up":[{"embeddable":true,"href":"https:\/\/www.deuxchevaux.ch\/wordpress\/wp-json\/wp\/v2\/pages\/3464"}],"wp:featuredmedia":[{"embeddable":true,"href":"https:\/\/www.deuxchevaux.ch\/wordpress\/wp-json\/wp\/v2\/media\/1321"}],"wp:attachment":[{"href":"https:\/\/www.deuxchevaux.ch\/wordpress\/wp-json\/wp\/v2\/media?parent=7991"}],"curies":[{"name":"wp","href":"https:\/\/api.w.org\/{rel}","templated":true}]}}